{"id":150,"date":"2020-06-10T00:52:29","date_gmt":"2020-06-10T00:52:29","guid":{"rendered":"http:\/\/abgh.com.br\/?page_id=150"},"modified":"2025-10-20T23:42:17","modified_gmt":"2025-10-20T23:42:17","slug":"produtos","status":"publish","type":"page","link":"https:\/\/abgh.com.br\/index.php\/produtos\/","title":{"rendered":"Produtos"},"content":{"rendered":"<p>[et_pb_section fb_built=&#8221;1&#8243; _builder_version=&#8221;4.16&#8243; background_image=&#8221;https:\/\/abgh.com.br\/wp-content\/uploads\/2020\/08\/banner_associados.jpg&#8221; min_height=&#8221;416px&#8221; custom_padding=&#8221;||0px|||&#8221; da_disable_devices=&#8221;off|off|off&#8221; global_colors_info=&#8221;{}&#8221; da_is_popup=&#8221;off&#8221; da_exit_intent=&#8221;off&#8221; da_has_close=&#8221;on&#8221; da_alt_close=&#8221;off&#8221; da_dark_close=&#8221;off&#8221; da_not_modal=&#8221;on&#8221; da_is_singular=&#8221;off&#8221; da_with_loader=&#8221;off&#8221; da_has_shadow=&#8221;on&#8221;][\/et_pb_section][et_pb_section fb_built=&#8221;1&#8243; module_id=&#8221;echos&#8221; _builder_version=&#8221;4.16&#8243; background_enable_color=&#8221;off&#8221; background_enable_image=&#8221;off&#8221; parallax=&#8221;on&#8221; min_height=&#8221;697px&#8221; custom_padding=&#8221;||0px|||&#8221; da_disable_devices=&#8221;off|off|off&#8221; global_colors_info=&#8221;{}&#8221; da_is_popup=&#8221;off&#8221; da_exit_intent=&#8221;off&#8221; da_has_close=&#8221;on&#8221; da_alt_close=&#8221;off&#8221; da_dark_close=&#8221;off&#8221; da_not_modal=&#8221;on&#8221; da_is_singular=&#8221;off&#8221; da_with_loader=&#8221;off&#8221; da_has_shadow=&#8221;on&#8221;][et_pb_row _builder_version=&#8221;4.16&#8243; _module_preset=&#8221;default&#8221; module_alignment=&#8221;center&#8221; custom_margin=&#8221;-180px||||false|false&#8221; custom_padding=&#8221;||0px||false|false&#8221; global_colors_info=&#8221;{}&#8221;][et_pb_column type=&#8221;4_4&#8243; _builder_version=&#8221;4.16&#8243; _module_preset=&#8221;default&#8221; custom_padding=&#8221;0px|0px|0px|0px|false|false&#8221; global_colors_info=&#8221;{}&#8221;][et_pb_text _builder_version=&#8221;4.16&#8243; _module_preset=&#8221;default&#8221; text_text_color=&#8221;#ffffff&#8221; text_font_size=&#8221;88px&#8221; text_line_height=&#8221;1.6em&#8221; custom_margin=&#8221;0px||||false|false&#8221; custom_padding=&#8221;||0px||false|false&#8221; text_text_color_last_edited=&#8221;off|desktop&#8221; text_font_size_tablet=&#8221;&#8221; text_font_size_phone=&#8221;32px&#8221; text_font_size_last_edited=&#8221;on|phone&#8221; global_colors_info=&#8221;{}&#8221;]<\/p>\n<p>PRODUTOS<\/p>\n<p>[\/et_pb_text][\/et_pb_column][\/et_pb_row][et_pb_row _builder_version=&#8221;4.16&#8243; _module_preset=&#8221;default&#8221; global_colors_info=&#8221;{}&#8221;][et_pb_column type=&#8221;4_4&#8243; _builder_version=&#8221;4.16&#8243; _module_preset=&#8221;default&#8221; global_colors_info=&#8221;{}&#8221;][et_pb_text _builder_version=&#8221;4.17.6&#8243; _module_preset=&#8221;default&#8221; text_font=&#8221;||||||||&#8221; text_font_size=&#8221;18px&#8221; custom_margin=&#8221;|0px||0px|false|false&#8221; global_colors_info=&#8221;{}&#8221;]<\/p>\n<p>Voc\u00ea pode ter acesso \u00e0 algumas bibliografias que a ABGH disponibiliza para divulga\u00e7\u00e3o, conhecimento e aprofundamento no m\u00e9todo.<\/p>\n<p><span style=\"font-size: 18px;\">Fa\u00e7a seu pedido pelo\u00a0email\u00a0<\/span><a href=\"mailto:abgh@abgh.com.br\" style=\"font-size: 18px;\">abgh@abgh.com.br<\/a><span style=\"font-size: 18px;\">\u00a0ou enviando mensagem pelo whatsapp clicando no bot\u00e3o abaixo.<\/span><\/p>\n<p align=\"justify\">\n<p>[\/et_pb_text][et_pb_button button_url=&#8221;https:\/\/api.whatsapp.com\/send?phone=5511993739415&#038;text=Tenho%20interesse%20no%20seguinte%20produto%20do%20site%20da%20Abgh&#8221; url_new_window=&#8221;on&#8221; button_text=&#8221;Whatsapp&#8221; button_alignment=&#8221;center&#8221; _builder_version=&#8221;4.17.6&#8243; _module_preset=&#8221;default&#8221; custom_button=&#8221;on&#8221; button_text_color=&#8221;#7CDA24&#8243; button_border_color=&#8221;#7CDA24&#8243; button_border_radius=&#8221;100px&#8221; button_icon=&#8221;&#xf232;||fa||400&#8243; button_icon_placement=&#8221;left&#8221; button_on_hover=&#8221;off&#8221; global_colors_info=&#8221;{}&#8221;][\/et_pb_button][\/et_pb_column][\/et_pb_row][et_pb_row column_structure=&#8221;1_3,1_3,1_3&#8243; make_equal=&#8221;on&#8221; _builder_version=&#8221;4.16&#8243; width=&#8221;100%&#8221; custom_margin=&#8221;|auto||auto|false|false&#8221; custom_padding=&#8221;|0px|1px|0px|false|false&#8221; global_colors_info=&#8221;{}&#8221;][et_pb_column type=&#8221;1_3&#8243; _builder_version=&#8221;4.16&#8243; custom_padding=&#8221;|9px||8px|false|false&#8221; global_colors_info=&#8221;{}&#8221;][et_pb_blurb title=&#8221;LIVROS&#8221; image=&#8221;https:\/\/abgh.com.br\/wp-content\/uploads\/2020\/10\/WhatsApp-Image-2020-10-15-at-16.31.28-1.jpeg&#8221; image_icon_width=&#8221;74%&#8221; _builder_version=&#8221;4.17.6&#8243; _module_preset=&#8221;default&#8221; header_text_color=&#8221;#e09900&#8243; body_text_color=&#8221;rgba(0,0,0,0.48)&#8221; text_orientation=&#8221;center&#8221; image_max_width=&#8221;74%&#8221; global_colors_info=&#8221;{}&#8221;]<\/p>\n<p><span>R$ 35,00<\/span><\/p>\n<p>[\/et_pb_blurb][\/et_pb_column][et_pb_column type=&#8221;1_3&#8243; _builder_version=&#8221;4.16&#8243; custom_padding=&#8221;|9px||8px|false|false&#8221; global_colors_info=&#8221;{}&#8221;][et_pb_blurb title=&#8221;LIVRO&#8221; image=&#8221;https:\/\/abgh.com.br\/wp-content\/uploads\/2020\/10\/WhatsApp-Image-2020-10-15-at-16.31.28.jpeg&#8221; image_icon_width=&#8221;74%&#8221; _builder_version=&#8221;4.16&#8243; _module_preset=&#8221;default&#8221; header_text_color=&#8221;#e09900&#8243; body_text_color=&#8221;rgba(0,0,0,0.48)&#8221; text_orientation=&#8221;center&#8221; image_max_width=&#8221;74%&#8221; global_colors_info=&#8221;{}&#8221;]<\/p>\n<p><span>R$ 35,00<\/span><\/p>\n<p>[\/et_pb_blurb][\/et_pb_column][et_pb_column type=&#8221;1_3&#8243; _builder_version=&#8221;4.16&#8243; custom_padding=&#8221;|9px||8px|false|false&#8221; global_colors_info=&#8221;{}&#8221;][et_pb_blurb title=&#8221;LIVRO&#8221; image=&#8221;https:\/\/abgh.com.br\/wp-content\/uploads\/2020\/11\/cahier3.png&#8221; image_icon_width=&#8221;74%&#8221; _builder_version=&#8221;4.16&#8243; _module_preset=&#8221;default&#8221; header_text_color=&#8221;#e09900&#8243; body_text_color=&#8221;rgba(0,0,0,0.48)&#8221; text_orientation=&#8221;center&#8221; image_max_width=&#8221;74%&#8221; global_colors_info=&#8221;{}&#8221;]<\/p>\n<p>Indispon\u00edvel no momento<\/p>\n<p>[\/et_pb_blurb][\/et_pb_column][\/et_pb_row][et_pb_row column_structure=&#8221;1_3,1_3,1_3&#8243; make_equal=&#8221;on&#8221; _builder_version=&#8221;4.16&#8243; width=&#8221;100%&#8221; custom_margin=&#8221;|auto||auto|false|false&#8221; custom_padding=&#8221;|0px|1px|0px|false|false&#8221; global_colors_info=&#8221;{}&#8221;][et_pb_column type=&#8221;1_3&#8243; _builder_version=&#8221;4.16&#8243; custom_padding=&#8221;|9px||8px|false|false&#8221; global_colors_info=&#8221;{}&#8221;][et_pb_blurb title=&#8221;LIVRO&#8221; image=&#8221;https:\/\/abgh.com.br\/wp-content\/uploads\/2020\/10\/WhatsApp-Image-2020-10-15-at-16.31.28-2.jpeg&#8221; image_icon_width=&#8221;74%&#8221; _builder_version=&#8221;4.16&#8243; _module_preset=&#8221;default&#8221; header_text_color=&#8221;#e09900&#8243; body_text_color=&#8221;rgba(0,0,0,0.48)&#8221; text_orientation=&#8221;center&#8221; image_max_width=&#8221;74%&#8221; global_colors_info=&#8221;{}&#8221;]<\/p>\n<p><span>R$ 35,00<\/span><\/p>\n<p>[\/et_pb_blurb][\/et_pb_column][et_pb_column type=&#8221;1_3&#8243; _builder_version=&#8221;4.16&#8243; custom_padding=&#8221;|9px||8px|false|false&#8221; global_colors_info=&#8221;{}&#8221;][et_pb_blurb title=&#8221;LIVRO&#8221; image=&#8221;https:\/\/abgh.com.br\/wp-content\/uploads\/2020\/10\/WhatsApp-Image-2020-10-15-at-16.33.03-2.jpeg&#8221; image_icon_width=&#8221;74%&#8221; _builder_version=&#8221;4.16&#8243; _module_preset=&#8221;default&#8221; header_text_color=&#8221;#e09900&#8243; body_text_color=&#8221;rgba(0,0,0,0.48)&#8221; text_orientation=&#8221;center&#8221; image_max_width=&#8221;74%&#8221; global_colors_info=&#8221;{}&#8221;]<\/p>\n<p><span>R$ 40,00<\/span><\/p>\n<p>[\/et_pb_blurb][\/et_pb_column][et_pb_column type=&#8221;1_3&#8243; _builder_version=&#8221;4.16&#8243; custom_padding=&#8221;|9px||8px|false|false&#8221; global_colors_info=&#8221;{}&#8221;][et_pb_blurb title=&#8221;LIVRO&#8221; image=&#8221;https:\/\/abgh.com.br\/wp-content\/uploads\/2020\/10\/WhatsApp-Image-2020-10-15-at-16.33.03-1.jpeg&#8221; image_icon_width=&#8221;74%&#8221; _builder_version=&#8221;4.16&#8243; _module_preset=&#8221;default&#8221; header_text_color=&#8221;#e09900&#8243; body_text_color=&#8221;rgba(0,0,0,0.48)&#8221; text_orientation=&#8221;center&#8221; image_max_width=&#8221;74%&#8221; global_colors_info=&#8221;{}&#8221;]<\/p>\n<p><span>R$ 40,00<\/span><\/p>\n<p>[\/et_pb_blurb][\/et_pb_column][\/et_pb_row][et_pb_row column_structure=&#8221;1_3,1_3,1_3&#8243; make_equal=&#8221;on&#8221; _builder_version=&#8221;4.16&#8243; width=&#8221;100%&#8221; custom_margin=&#8221;|auto||auto|false|false&#8221; custom_padding=&#8221;|0px|1px|0px|false|false&#8221; global_colors_info=&#8221;{}&#8221;][et_pb_column type=&#8221;1_3&#8243; _builder_version=&#8221;4.16&#8243; custom_padding=&#8221;|9px||8px|false|false&#8221; global_colors_info=&#8221;{}&#8221;][et_pb_blurb title=&#8221;LIVRO&#8221; image=&#8221;https:\/\/abgh.com.br\/wp-content\/uploads\/2020\/11\/livro_patricia.png&#8221; image_icon_width=&#8221;97%&#8221; _builder_version=&#8221;4.16&#8243; _module_preset=&#8221;default&#8221; header_text_color=&#8221;#e09900&#8243; body_text_color=&#8221;rgba(0,0,0,0.48)&#8221; text_orientation=&#8221;center&#8221; image_max_width=&#8221;97%&#8221; global_colors_info=&#8221;{}&#8221;]<\/p>\n<p><span>R$ 35,00<\/span><\/p>\n<p>[\/et_pb_blurb][\/et_pb_column][et_pb_column type=&#8221;1_3&#8243; _builder_version=&#8221;4.16&#8243; custom_padding=&#8221;|9px||8px|false|false&#8221; global_colors_info=&#8221;{}&#8221;][et_pb_blurb title=&#8221;LIVRO&#8221; image=&#8221;https:\/\/abgh.com.br\/wp-content\/uploads\/2023\/01\/WhatsApp-Image-2023-01-17-at-10.01.13.jpeg&#8221; image_icon_width=&#8221;69%&#8221; _builder_version=&#8221;4.19.4&#8243; _module_preset=&#8221;default&#8221; header_text_color=&#8221;#e09900&#8243; body_text_color=&#8221;rgba(0,0,0,0.48)&#8221; text_orientation=&#8221;center&#8221; image_max_width=&#8221;97%&#8221; global_colors_info=&#8221;{}&#8221;]<\/p>\n<p><span>R$ 75,00<\/span><\/p>\n<p>[\/et_pb_blurb][\/et_pb_column][et_pb_column type=&#8221;1_3&#8243; _builder_version=&#8221;4.16&#8243; custom_padding=&#8221;|9px||8px|false|false&#8221; global_colors_info=&#8221;{}&#8221;][\/et_pb_column][\/et_pb_row][et_pb_row column_structure=&#8221;2_5,3_5&#8243; make_equal=&#8221;on&#8221; _builder_version=&#8221;4.19.4&#8243; width=&#8221;100%&#8221; custom_margin=&#8221;|auto||auto|false|false&#8221; custom_padding=&#8221;|0px|1px|0px|false|false&#8221; global_colors_info=&#8221;{}&#8221;][et_pb_column type=&#8221;2_5&#8243; _builder_version=&#8221;4.19.4&#8243; custom_padding=&#8221;0px|9px|0px|18px|false|false&#8221; global_colors_info=&#8221;{}&#8221;][et_pb_image src=&#8221;https:\/\/abgh.com.br\/wp-content\/uploads\/2023\/01\/WhatsApp-Image-2023-01-17-at-10.02.21.jpeg&#8221; title_text=&#8221;WhatsApp Image 2023-01-17 at 10.02.21&#8243; _builder_version=&#8221;4.19.4&#8243; _module_preset=&#8221;default&#8221; width=&#8221;80%&#8221; global_colors_info=&#8221;{}&#8221;][\/et_pb_image][\/et_pb_column][et_pb_column type=&#8221;3_5&#8243; _builder_version=&#8221;4.16&#8243; custom_padding=&#8221;|9px||8px|false|false&#8221; global_colors_info=&#8221;{}&#8221;][et_pb_pricing_tables _builder_version=&#8221;4.27.4&#8243; _module_preset=&#8221;default&#8221; currency_frequency_font_size=&#8221;18px&#8221; currency_frequency_line_height=&#8221;2.4em&#8221; hover_enabled=&#8221;0&#8243; global_colors_info=&#8221;{}&#8221; sticky_enabled=&#8221;0&#8243;][et_pb_pricing_table featured=&#8221;on&#8221; title=&#8221;E-book: A Gin\u00e1stica Hol\u00edstica no Quebec&#8221; subtitle=&#8221;Homenagem Marie-Jos\u00e8phe&#8221; currency=&#8221;R$&#8221; sum=&#8221;19,90&#8243; button_url=&#8221;https:\/\/wa.me\/5543999233103?text=Quero%20comprar%20o%20E-book%3A%20A%20Gin%C3%A1stica%20Hol%C3%ADstica%20no%20Quebec&#8221; url_new_window=&#8221;on&#8221; button_text=&#8221;COMPRAR&#8221; _builder_version=&#8221;4.27.4&#8243; _module_preset=&#8221;default&#8221; hover_enabled=&#8221;0&#8243; global_colors_info=&#8221;{}&#8221; sticky_transition=&#8221;on&#8221; sticky_enabled=&#8221;0&#8243; link_option_url_new_window=&#8221;on&#8221;][\/et_pb_pricing_table][\/et_pb_pricing_tables][\/et_pb_column][\/et_pb_row][\/et_pb_section][et_pb_section fb_built=&#8221;1&#8243; prev_background_color=&#8221;#ffffff&#8221; disabled_on=&#8221;on|on|on&#8221; _builder_version=&#8221;4.17.6&#8243; _module_preset=&#8221;default&#8221; background_color=&#8221;rgba(214,174,0,0.17)&#8221; use_background_color_gradient=&#8221;on&#8221; background_color_gradient_stops=&#8221;rgba(7,167,198,0.09) 0%|rgba(224,153,0,0) 100%&#8221; background_color_gradient_start=&#8221;rgba(7,167,198,0.09)&#8221; background_color_gradient_end=&#8221;rgba(224,153,0,0)&#8221; custom_padding=&#8221;37px|||||&#8221; top_divider_style=&#8221;wave&#8221; da_disable_devices=&#8221;off|off|off&#8221; disabled=&#8221;on&#8221; global_colors_info=&#8221;{}&#8221; da_is_popup=&#8221;off&#8221; da_exit_intent=&#8221;off&#8221; da_has_close=&#8221;on&#8221; da_alt_close=&#8221;off&#8221; da_dark_close=&#8221;off&#8221; da_not_modal=&#8221;on&#8221; da_is_singular=&#8221;off&#8221; da_with_loader=&#8221;off&#8221; da_has_shadow=&#8221;on&#8221;][et_pb_row module_id=&#8221;bibliografia&#8221; _builder_version=&#8221;4.16&#8243; _module_preset=&#8221;default&#8221; global_colors_info=&#8221;{}&#8221;][et_pb_column type=&#8221;4_4&#8243; _builder_version=&#8221;4.16&#8243; _module_preset=&#8221;default&#8221; global_colors_info=&#8221;{}&#8221;][et_pb_text _builder_version=&#8221;4.16&#8243; _module_preset=&#8221;default&#8221; text_font=&#8221;|300|||||||&#8221; text_text_color=&#8221;#0c71c3&#8243; text_font_size=&#8221;30px&#8221; text_line_height=&#8221;1.6em&#8221; custom_margin=&#8221;||-2px|||&#8221; border_color_all=&#8221;#0c71c3&#8243; global_colors_info=&#8221;{}&#8221;]<\/p>\n<p style=\"text-align: left;\"><span style=\"color: #8300e9;\">FORMUL\u00c1RIO DE COMPRA<\/span><\/p>\n<p>[\/et_pb_text][et_pb_divider color=&#8221;#8300e9&#8243; divider_weight=&#8221;9px&#8221; _builder_version=&#8221;4.16&#8243; _module_preset=&#8221;default&#8221; width=&#8221;16%&#8221; custom_margin=&#8221;0px||||false|false&#8221; global_colors_info=&#8221;{}&#8221;][\/et_pb_divider][et_pb_contact_form email=&#8221;abgh@abgh.com.br&#8221; _builder_version=&#8221;4.16&#8243; _module_preset=&#8221;default&#8221; _unique_id=&#8221;5337f4aa-ad46-4a65-82f4-f7c79c0933d8&#8243; form_field_background_color=&#8221;rgba(0,0,0,0)&#8221; form_field_text_color=&#8221;#8300e9&#8243; custom_button=&#8221;on&#8221; button_text_color=&#8221;#8300e9&#8243; button_border_radius=&#8221;100px&#8221; border_radii=&#8221;on|20px|20px|20px|20px&#8221; border_width_all=&#8221;2px&#8221; border_color_all=&#8221;#8300e9&#8243; box_shadow_style=&#8221;preset3&#8243; global_colors_info=&#8221;{}&#8221;][et_pb_contact_field field_id=&#8221;Name&#8221; field_title=&#8221;Nome&#8221; _builder_version=&#8221;4.16&#8243; global_colors_info=&#8221;{}&#8221; button_text_size__hover_enabled=&#8221;off&#8221; button_one_text_size__hover_enabled=&#8221;off&#8221; button_two_text_size__hover_enabled=&#8221;off&#8221; button_text_color__hover_enabled=&#8221;off&#8221; button_one_text_color__hover_enabled=&#8221;off&#8221; button_two_text_color__hover_enabled=&#8221;off&#8221; button_border_width__hover_enabled=&#8221;off&#8221; button_one_border_width__hover_enabled=&#8221;off&#8221; button_two_border_width__hover_enabled=&#8221;off&#8221; button_border_color__hover_enabled=&#8221;off&#8221; button_one_border_color__hover_enabled=&#8221;off&#8221; button_two_border_color__hover_enabled=&#8221;off&#8221; button_border_radius__hover_enabled=&#8221;off&#8221; button_one_border_radius__hover_enabled=&#8221;off&#8221; button_two_border_radius__hover_enabled=&#8221;off&#8221; button_letter_spacing__hover_enabled=&#8221;off&#8221; button_one_letter_spacing__hover_enabled=&#8221;off&#8221; button_two_letter_spacing__hover_enabled=&#8221;off&#8221; button_bg_color__hover_enabled=&#8221;off&#8221; button_one_bg_color__hover_enabled=&#8221;off&#8221; button_two_bg_color__hover_enabled=&#8221;off&#8221;][\/et_pb_contact_field][et_pb_contact_field field_id=&#8221;Email&#8221; field_title=&#8221;E-mail&#8221; field_type=&#8221;email&#8221; _builder_version=&#8221;4.16&#8243; global_colors_info=&#8221;{}&#8221; button_text_size__hover_enabled=&#8221;off&#8221; button_one_text_size__hover_enabled=&#8221;off&#8221; button_two_text_size__hover_enabled=&#8221;off&#8221; button_text_color__hover_enabled=&#8221;off&#8221; button_one_text_color__hover_enabled=&#8221;off&#8221; button_two_text_color__hover_enabled=&#8221;off&#8221; button_border_width__hover_enabled=&#8221;off&#8221; button_one_border_width__hover_enabled=&#8221;off&#8221; button_two_border_width__hover_enabled=&#8221;off&#8221; button_border_color__hover_enabled=&#8221;off&#8221; button_one_border_color__hover_enabled=&#8221;off&#8221; button_two_border_color__hover_enabled=&#8221;off&#8221; button_border_radius__hover_enabled=&#8221;off&#8221; button_one_border_radius__hover_enabled=&#8221;off&#8221; button_two_border_radius__hover_enabled=&#8221;off&#8221; button_letter_spacing__hover_enabled=&#8221;off&#8221; button_one_letter_spacing__hover_enabled=&#8221;off&#8221; button_two_letter_spacing__hover_enabled=&#8221;off&#8221; button_bg_color__hover_enabled=&#8221;off&#8221; button_one_bg_color__hover_enabled=&#8221;off&#8221; button_two_bg_color__hover_enabled=&#8221;off&#8221;][\/et_pb_contact_field][et_pb_contact_field field_id=&#8221;Message&#8221; field_title=&#8221;Mensagem&#8221; field_type=&#8221;text&#8221; _builder_version=&#8221;4.16&#8243; global_colors_info=&#8221;{}&#8221; button_text_size__hover_enabled=&#8221;off&#8221; button_one_text_size__hover_enabled=&#8221;off&#8221; button_two_text_size__hover_enabled=&#8221;off&#8221; button_text_color__hover_enabled=&#8221;off&#8221; button_one_text_color__hover_enabled=&#8221;off&#8221; button_two_text_color__hover_enabled=&#8221;off&#8221; button_border_width__hover_enabled=&#8221;off&#8221; button_one_border_width__hover_enabled=&#8221;off&#8221; button_two_border_width__hover_enabled=&#8221;off&#8221; button_border_color__hover_enabled=&#8221;off&#8221; button_one_border_color__hover_enabled=&#8221;off&#8221; button_two_border_color__hover_enabled=&#8221;off&#8221; button_border_radius__hover_enabled=&#8221;off&#8221; button_one_border_radius__hover_enabled=&#8221;off&#8221; button_two_border_radius__hover_enabled=&#8221;off&#8221; button_letter_spacing__hover_enabled=&#8221;off&#8221; button_one_letter_spacing__hover_enabled=&#8221;off&#8221; button_two_letter_spacing__hover_enabled=&#8221;off&#8221; button_bg_color__hover_enabled=&#8221;off&#8221; button_one_bg_color__hover_enabled=&#8221;off&#8221; button_two_bg_color__hover_enabled=&#8221;off&#8221;][\/et_pb_contact_field][et_pb_contact_field field_id=&#8221;Produto&#8221; field_title=&#8221;Produto de Interesse&#8221; field_type=&#8221;checkbox&#8221; checkbox_options=&#8221;%91{%22value%22:%22Livro Cahier 1%22,%22checked%22:0,%22dragID%22:1},{%22value%22:%22Livro Cahier 2%22,%22checked%22:0,%22dragID%22:3},{%22value%22:%22Livro Cahier 3%22,%22checked%22:0,%22dragID%22:4},{%22value%22:%22Livro Cahier 7 e 8%22,%22checked%22:0,%22dragID%22:5},{%22value%22:%22Livro Elsa Ginder%22,%22checked%22:0,%22dragID%22:6},{%22value%22:%22Livro O Legado de Marie-Jo%22,%22checked%22:0,%22dragID%22:7},{%22value%22:%22Livro Experi\u00eancias pelo Mundo%22,%22checked%22:0,%22dragID%22:8},{%22value%22:%22Livro O Seu Corpo%22,%22checked%22:0,%22dragID%22:2}%93&#8243; _builder_version=&#8221;4.16&#8243; _module_preset=&#8221;default&#8221; form_field_text_color=&#8221;#8300e9&#8243; global_colors_info=&#8221;{}&#8221;][\/et_pb_contact_field][\/et_pb_contact_form][\/et_pb_column][\/et_pb_row][\/et_pb_section]<\/p>\n","protected":false},"excerpt":{"rendered":"<p>PRODUTOSVoc\u00ea pode ter acesso \u00e0 algumas bibliografias que a ABGH disponibiliza para divulga\u00e7\u00e3o, conhecimento e aprofundamento no m\u00e9todo. Fa\u00e7a seu pedido pelo\u00a0email\u00a0abgh@abgh.com.br\u00a0ou enviando mensagem pelo whatsapp clicando no bot\u00e3o abaixo. R$ 35,00R$ 35,00Indispon\u00edvel no momentoR$ 35,00R$ 40,00R$ 40,00R$ 35,00R$ 75,00FORMUL\u00c1RIO DE COMPRA<\/p>\n","protected":false},"author":1,"featured_media":0,"parent":0,"menu_order":0,"comment_status":"closed","ping_status":"closed","template":"","meta":{"_et_pb_use_builder":"on","_et_pb_old_content":"","_et_gb_content_width":"","footnotes":""},"class_list":["post-150","page","type-page","status-publish","hentry"],"_links":{"self":[{"href":"https:\/\/abgh.com.br\/index.php\/wp-json\/wp\/v2\/pages\/150","targetHints":{"allow":["GET"]}}],"collection":[{"href":"https:\/\/abgh.com.br\/index.php\/wp-json\/wp\/v2\/pages"}],"about":[{"href":"https:\/\/abgh.com.br\/index.php\/wp-json\/wp\/v2\/types\/page"}],"author":[{"embeddable":true,"href":"https:\/\/abgh.com.br\/index.php\/wp-json\/wp\/v2\/users\/1"}],"replies":[{"embeddable":true,"href":"https:\/\/abgh.com.br\/index.php\/wp-json\/wp\/v2\/comments?post=150"}],"version-history":[{"count":30,"href":"https:\/\/abgh.com.br\/index.php\/wp-json\/wp\/v2\/pages\/150\/revisions"}],"predecessor-version":[{"id":2759,"href":"https:\/\/abgh.com.br\/index.php\/wp-json\/wp\/v2\/pages\/150\/revisions\/2759"}],"wp:attachment":[{"href":"https:\/\/abgh.com.br\/index.php\/wp-json\/wp\/v2\/media?parent=150"}],"curies":[{"name":"wp","href":"https:\/\/api.w.org\/{rel}","templated":true}]}}